 + 195 = s*r, 9 = -r - 3*j + 70. What is the tens digit of r?
6
Let p be 144*(-3)/(-2 - 1). Let u = p + -95. What is the tens digit of u?
4
Suppose 2*z + 2 = 4*z. Let w be (z*-2)/(10/(-25)). Suppose -4*t - 3*r + 2 = -5, -2*t - 7 = w*r. What is the units digit of t?
4
Let t be 3/5*(-7 - -452). Suppose -13 - t = -4*m. What is the units digit of m?
0
Suppose 3*s = -0*s + 3, 0 = 5*u - 5*s - 10. What is the hundreds digit of (2 - 1034/(-8)) + u/(-12)?
1
Let s = -202 - -687. Suppose -3*o + s = 107. What is the units digit of o?
6
Let s be (52/(-6))/(12/(-18)). Let l = -8 + s. Suppose -6 - 29 = -l*z. What is the units digit of z?
7
Suppose -7*r + 1304 = r. Suppose 50 = -r*l + 165*l. What is the tens digit of l?
2
Let w = -671 - -941. What is the units digit of w?
0
Suppose -1445 = -v - 4*a, a + 2*a = 2*v - 2945. What is the units digit of v?
5
Let s(h) = -8*h - h**2 + 136 - 143 - h. Let i = 4 - 10. What is the units digit of s(i)?
1
Let v(f) = f + 9. Let d be v(-5). Let w(y) = -3*y - 3. Let h be w(-2). Suppose -h*t + 9 = 0, 0*t = -b - d*t + 27. What is the units digit of b?
5
Suppose -w + 2*u - 7 + 4 = 0, 5*w - u + 24 = 0. Let a(l) = l**2 + 5*l + 3. Let f be a(w). What is the units digit of f - (3 + (-21)/3)?
7
Let p be (42 + 10)*5/2. Suppose 0 = 2*m - 0*m - p. What is the units digit of m?
5
Let v(f) = 2*f + 5. Suppose 3*u + 7 = w, 7 = -4*u + 3. Let l(p) = -p**2 + 5*p. Let j be l(w). What is the tens digit of v(j)?
1
Suppose 30*h - 35*h + 6925 = 0. What is the thousands digit of h?
1
Let q(a) be the first derivative of 15*a**2/2 + 8*a + 4. What is the units digit of q(4)?
8
Let z be 2/(-15) + 103/(-15). Let p(i) = i**2 + 5*i - 10. Let x be p(z). Suppose d = -x*j + 32, -d + 29 = 3*j + d. What is the units digit of j?
7
What is the units digit of ((-7600)/114)/(2/(-6))?
0
Let q(x) = 2*x**2 + 23*x + 12. Let j be q(-10). What is the units digit of ((-28)/(-6))/((-6)/j)?
4
Let i = -77 + 85. Let l(w) = -w**3 + 11*w**2 + w - 1. Let a be l(6). Suppose i*z = a + 359. What is the tens digit of z?
6
Suppose -c = -4*b - 5298, 13*c - 10*c - 4*b - 15910 = 0. What is the units digit of c?
6
Let x(a) = a**2 - 7*a - 5. Let t be x(12). Suppose 50*s + 825 = t*s. What is the tens digit of s?
6
Suppose -2*x = -0*x. Suppose 0*h + h + 4*p - 11 = x, -h = -2*p - 29. What is the units digit of h?
3
Let f(t) = t**3 + 10*t**2 + 26*t + 97. What is the units digit of f(13)?
2
Let y = -306 - -1460. What is the units digit of y?
4
Let n(h) = 2*h - 8. Let v be n(-14). Let w = -3 - v. What is the units digit of w?
3
Suppose 5*d - 9249 = 636. What is the hundreds digit of d?
9
Let n(w) = -6*w - 19. Let t(r) = -r - 1. Let p(g) = -n(g) + 4*t(g). What is the tens digit of p(6)?
2
Let z = 24 - -19. What is the units digit of (-3 - 1) + z + 5?
4
Suppose 4*b + 2*t - 193 = 3*b, 0 = b + 3*t - 191. Let m = 283 - b. What is the units digit of m?
6
Let k = 85 - 29. Suppose 0*a - k = -4*a. What is the tens digit of (-2)/(-4)*a*2?
1
Suppose 5*s + 241 = 4*y, -s - 2*s - 239 = -4*y. Let b = y + -16. Let i = b + -1. What is the units digit of i?
2
What is the hundreds digit of 3381 + 13 + -4 + 3?
3
Let t(p) = 3*p - 4. Let v be (-240)/108 + (-2)/(-9). Let a be t(v). What is the units digit of a/(-15) - (-320)/6?
4
Let n be 0 + (2 - 2) + 4. Suppose 0 = -6*w + n*w + 22. What is the units digit of 10/8*(w - 7)?
5
Let j(h) = -h**3 - 9*h**2 - 15*h - 5. Let i be j(-7). Let g(s) = -4*s + 0*s + 4 + 0*s + 4*s**2 + 0*s. What is the units digit of g(i)?
2
Suppose -3*j - 780 = j. Let h = 298 + j. What is the hundreds digit of h?
1
Suppose -35*z + 42688 = -6*z. What is the tens digit of z?
7
Let t = 43 - 40. Suppose -3*c - 2*c + 80 = 5*n, 46 = t*c + 2*n. What is the tens digit of c?
1
Suppose 618 = -3*p - 0*p. Let t = -142 - p. What is the units digit of t?
4
Let l = -6 - -13. Let t(b) = -b + 7. Let u be t(l). Suppose 5*m - 107 + 17 = u. What is the units digit of m?
8
Let v(n) be the first derivative of 0*n - 1/3*n**3 + n**4 + 1/2*n**2 - 6. What is the tens digit of v(2)?
3
Let v = 16 + -10. Suppose v - 9 = -3*q. Suppose k = -5*t + 18 - q, 5*k + 2*t = 108. What is the tens digit of k?
2
Suppose 4*f - 18 = -2*t, t - f = -t + 8. Suppose -7*s + t*s = 0. Suppose s = -0*b + b - 20. What is the units digit of b?
0
Suppose 4121 + 1767 = 2*s + 2*x, 0 = 2*x - 8. What is the units digit of s?
0
Let y(d) = -22*d - 11. Let u be y(-6). Let v = -52 + u. What is the tens digit of v?
6
What is the tens digit of 8265/45 + (-4)/6 - -2?
8
Suppose -4*v = 24 - 40. Suppose -5*t + 238 = v*f, 2*f - t - 118 = -4*t. What is the tens digit of f?
6
Suppose 716 = 4*w - 3*v, -4*w - 3*v + 716 = -0*w. What is the hundreds digit of w?
1
Let r(j) = -j**2 + j + 2. Let q be r(3). Let k(g) = 7*g**2 + 4*g - 8. What is the units digit of k(q)?
8
Let a = -20 + 20. Suppose -126 = n - a*n. What is the tens digit of (-212)/(-18) + (-28)/n?
1
Let i = -2 + 26. Let u = 61 - i. Let s = u - 8. What is the units digit of s?
9
Let h be (-1 + -2 - -4)*-6. Let f = 0 - h. What is the units digit of (26/f)/(9/27)?
3
Suppose 0 = -h, -3*h + 7*h - 339 = -o. What is the hundreds digit of o?
3
Suppose -2*f + 8 + 12 = 0. Let a be (-16)/(-40) + (-274)/f. Let k = a + 84. What is the tens digit of k?
5
Suppose 614*g + 5340 = 619*g. What is the tens digit of g?
6
Let d be ((3 - 3)/(-3))/1. Suppose 3*b + 5*k - 287 = d, -3*b + 3*k = -104 - 151. What is the tens digit of b?
8
Let t(g) = 7*g**3 - 8*g**2 + 2*g + 3. What is the units digit of t(6)?
9
Let r be 3/3*79 + 2. Let i = 340 - r. What is the tens digit of i?
5
Suppose 0 = a + 4*a. Suppose -2*w + a = -18. What is the units digit of (w - -4) + -1*2?
1
Let d = 7918 - 3315. What is the thousands digit of d?
4
Let s be (-39)/(-5) + 8/40. Let p(t) = s*t + 16 - 2*t - 3*t. What is the tens digit of p(5)?
3
Suppose -g - 3*l + 895 = -0*l, -4*l + 16 = 0. What is the hundreds digit of g?
8
Let r(x) = 64*x**2 + 5*x + 17. What is the tens digit of r(-3)?
7
What is the hundreds digit of 692 + 2 - 25/5?
6
Let a(r) = 2*r**2 - 15*r - 4. Let s be a(8). Let i(u) = u**3 - 4*u**2 + 5*u - 7. What is the tens digit of i(s)?
1
What is the units digit of 5 - (6 - (542 + 1))?
2
Suppose -135 = -5*i - 0. Let p be (6/i)/(2/18). Suppose -3*h + p*d + 91 = 0, -3*h + 52 = -3*d - 38. What is the tens digit of h?
3
Suppose 0*a = -2*a + 204. What is the hundreds digit of a?
1
Suppose -6*k + 39 = -9*k. Let m(u) = -u**2 - 11*u + 30. Let x be m(k). Suppose 0 = -6*z + x*z + 26. What is the units digit of z?
3
Suppose 10*m = 4*m. What is the tens digit of (m - -10)*11/2?
5
Let f = 9 - 8. Let d = -18 + f. What is the units digit of (d - -3)/(-2 + 0)?
7
Suppose -13 = -8*p + 19. Suppose -175 = -p*d + 57. Suppose 0 = k + 5*s - 67, k + 0*k - 4*s = d. What is the units digit of k?
2
What is the tens digit of (-84)/294 - (-10131)/7?
4
Let g be (-17)/(-17)*(2 + -2). Suppose g = d - 4*u + 21 - 61, -3*d + 5*u = -106. What is the tens digit of d?
3
Let q(m) = 0*m + 115*m**2 + 0*m - 40*m**2 + m. What is the tens digit of q(-1)?
7
Let v = 0 - -3. Suppose 0 = -3*m - 2*o + 8, o - v*o = -m + 16. Let n(b) = 3*b + 3. What is the tens digit of n(m)?
2
Let m = 3353 + -1531. What is the tens digit of m?
2
Suppose m = -8 - 2. Let q be (4/14)/(m/70). What is the tens digit of -4 - ((q - 55) + -1)?
5
Let z = 119 + -55. Let j = z - 35. What is the units digit of j?
9
Suppose -5*f + 3*y + 2953 = -f, -2*f = -3*y - 1475. What is the tens digit of f?
3
What is the tens digit of -6 - -11 - ((-3427 - -3) + -2)?
3
Let v(d) = 2*d**3 - 17*d**2 + 6*d + 12. What is the thousands digit of v(15)?
3
Suppose 0 = -11*c + 7*c. Suppose -10*r + 15*r + 55 = c. Let n = r - -17. What is the units digit of n?
6
Let v = -1103 + 1183. What is the units digit of v?
0
Suppose 3*k = -3*h, 6*h - 2*h - 3 = -3*k. Let f be (k/(-6))/(3/534). Let a = -59 + f. What is the tens digit of a?
3
What is the hundreds digit of 2009/3 - 62/93?
6
Let n = 328 + -188. Suppose b = -5*p + n, 3*b - 162 = -2*p + 271. What is the hundreds digit of b?
1
Suppose 7*b - b = 2142. What is the hundreds digit of b?
3
What is the tens digit of (-30435)/40*-6 + 6/8?
6
Let q(y) = y - 1. Let r be q(3). Suppose r*u + 3*u - 3*x = 298, x = -5*u + 314. What is the units digit of u?
2
Let d(t) = 2*t + 31. Let j be d(-13). Suppose -4*g + 3*g + 17 = 5*